). What is the greatest common divisor of a and i?
16
Let j = 12 + -6. Suppose c = j + 10. Calculate the greatest common factor of 32 and c.
16
Let d = 5 + 1. Let v(b) = 12*b**2 + 2*b - 3. Let f be v(2). Suppose 5*o = -25, 0 = -0*y + y - 5*o - f. Calculate the greatest common factor of d and y.
6
Suppose 13 = 5*s + 3. Calculate the highest common factor of s and 4.
2
Let k(d) = -17*d + 18. Let a be k(-6). Calculate the highest common divisor of 15 and a.
15
Let q(h) = h**2 - 10*h - 16. Let f be q(11). Let i be 14/(-35) - 52/f. What is the highest common factor of 10 and i?
10
Suppose r - 300 = -4*r. Suppose -2*i + 6*i + 15 = w, 0 = 2*w - 4*i - 30. Let n be ((-12)/5)/((-3)/w). What is the highest common divisor of r and n?
12
Let w be 12/10*(-105)/(-14). Let u(c) = 7*c**3 + c**2 + 3*c - 3. Let t be u(2). What is the highest common factor of t and w?
9
Suppose -4*v = -v - 15. Let b(t) = 12*t + 10. Let i(q) = 4*q + 3. Let z(x) = -2*b(x) + 7*i(x). Let n be z(1). Calculate the highest common factor of v and n.
5
Let d = 28 - 22. Let x(c) = -c**2 + 4*c + 7. Let g be x(5). Calculate the greatest common divisor of d and g.
2
Suppose -61 - 23 = -k. Let l = -4 + 4. Suppose 3*q - 3*y = 48, 3*q - 2*y = -l*y + 44. Calculate the highest common factor of q and k.
12
Suppose -2*w = -2 + 18. Let s be 3*5 - (-8)/w. What is the highest common factor of s and 2?
2
Let t be (-70)/(-6) - 3 - (-1)/3. Let n(c) = 11*c**3 + 3*c**2 - 2*c + 3. Let x be n(2). What is the greatest common divisor of x and t?
9
Let p be (-3)/((-1)/(16/(-6))). Let b(w) = w**3 + 9*w**2 + w - 4. Let y be b(p). Calculate the highest common divisor of 13 and y.
13
Suppose -2*q - 3*q + 54 = -3*p, 2*q + 72 = -4*p. Let o = 29 + p. What is the highest common factor of o and 44?
11
Suppose -4*b = -5*v - 136, -4*b - 144 = 3*v + 2*v. Let o = 0 - v. What is the highest common factor of 140 and o?
28
Let v be (2/4)/((-2)/(-76)). Suppose 3*o - 11 = v. Calculate the greatest common factor of 25 and o.
5
Suppose 0 = 5*j - 4*r - r - 255, -2*j + r + 107 = 0. What is the greatest common divisor of j and 7?
7
Let l = -2 + -2. Let d be 3/4 - 5/l. Suppose -2*u = -3*r, -4*u + 40 = d*r + 8. Calculate the highest common factor of u and 66.
6
Suppose 3*k = 2*h + 17, 2*k + 4*h + h - 24 = 0. What is the greatest common factor of 7 and k?
7
Let c = 21 + 14. Calculate the greatest common factor of c and 5.
5
Let y(i) = 4*i**2 - 17*i + 15*i - i**2 + 0*i**2 + 5. Let j be y(4). What is the greatest common divisor of 18 and j?
9
Let h be (72/3)/(2/5). Let r be 6/(6/35) + 5. What is the greatest common factor of r and h?
20
Suppose 2*c = 4*q - q + 27, 2*q - 12 = -2*c. What is the highest common factor of c and 153?
9
Let a = -3 + 5. Let p be a - (7*4 + -2). Let n = -17 - p. What is the greatest common factor of n and 63?
7
Suppose -4*n = y - 5*y + 68, n = -2*y + 49. Calculate the greatest common divisor of 242 and y.
22
Suppose 3*d + 203 = 9*g - 4*g, -75 = -2*g - 5*d. What is the greatest common divisor of g and 180?
20
Let v(o) = 3*o - 7. Let m be v(6). Let u(d) = -d**3 + 4*d**2 + 3*d - 3. Let r be 4/(-3)*(-9)/6. Let t be u(r). Calculate the highest common factor of t and m.
11
Let s be (-2)/(-7) - 690/(-35). Let z(t) = -t + 5. Let h be z(-3). Calculate the greatest common divisor of h and s.
4
Let n(j) = -7*j**2 + 3*j - 2. Let x be n(-3). Let t = x - -124. What is the greatest common divisor of 10 and t?
10
Let q = 229 + -141. Calculate the greatest common factor of q and 8.
8
Let m be (3 + -4)*0/(-1). Let h = m - 0. Suppose -3*g + 2*r + 25 = h, 0*r = g - 4*r - 15. Calculate the highest common divisor of g and 1.
1
Suppose 95 = 4*u + u. Let h be 1 + -1 - 364*1. Let n = -231 - h. What is the highest common factor of u and n?
19
Let d = -81 - -151. Suppose 24 = 2*b - c, -2*b + 4*c + c + 8 = 0. Let j = b - 4. Calculate the highest common divisor of j and d.
10
Suppose 4*t = -3*p + 4, -16 = -3*p + p + 4*t. Suppose w - 321 = -p*r, r - 78 = -w - 0*w. What is the highest common divisor of r and 9?
9
Let b = 291 + -43. Calculate the highest common divisor of b and 31.
31
Suppose 150 = 41*w - 36*w. Calculate the highest common divisor of 30 and w.
30
Suppose -5*v + 3*v = 4. Let n = 1 - 1. Let p be (n + (-21)/v)*12. What is the highest common divisor of p and 14?
14
Let a(x) = x**2 + 4*x + 1. Let i be a(-3). Let g = 4 - i. Suppose u - 2 = -0*u. Calculate the highest common factor of u and g.
2
Let z(m) = -m**2 - 12*m - 22. Let s be z(-6). Suppose -2*q - q + 84 = 0. Calculate the highest common factor of s and q.
14
Suppose -3*f = 2*m - 7*m - 85, -4*f + 85 = -m. Let b = 55 + -25. Calculate the greatest common divisor of b and f.
10
Let v(x) = x**2 + 12*x. Let q be v(-12). Suppose -j - 442 = -2*m, q = -3*m + 2*j - j + 662. Calculate the highest common factor of 20 and m.
20
Let m(t) = -t. Let q be m(-5). Suppose 0 = q*v - 0*v - 5. Let a be v*2*300/8. Calculate the greatest common divisor of 15 and a.
15
Suppose 6*s - 760 = -232. Calculate the highest common factor of 8 and s.
8
Let z = 0 - -17. Let p(x) = 11*x - 67. Let w be p(20). What is the greatest common divisor of z and w?
17
Let z be 14/98 + 194/14. What is the highest common factor of 21 and z?
7
Let i = 65 - 37. What is the greatest common factor of 7 and i?
7
Suppose 4*b = -5*f + 135, 0*b - 5*f - 145 = -4*b. Suppose -4*d + 35 = 4*u - 1, 35 = 3*d + 5*u. Calculate the highest common factor of b and d.
5
Let o = -62 - -98. Let f(r) = -3*r - 9. Suppose -3*p - 40 = p + 4*w, p + 4*w = -19. Let i be f(p). What is the greatest common factor of i and o?
12
Let y = 274 + -254. Let j(b) = 24*b**2 - b + 1. Let s be j(-3). Calculate the highest common factor of s and y.
20
Let z(p) = p**2 - 4*p - 9. Let b be z(-7). Let o be b/(-6)*(-15)/2. What is the highest common divisor of o and 34?
17
Let d(q) = -q**2 - 6*q - 3. Let h be d(-5). Suppose 5*j + 4*p = p + 83, h*j - 50 = 3*p. Let s = 69 - j. What is the greatest common divisor of 10 and s?
10
Let c be (-60)/(-9)*12/10. Let n be -16*((-18)/4)/3. Calculate the highest common factor of n and c.
8
Let i(w) = -w**3 + 85. Let q be (0 + (-2)/6)*0. Let z be i(q). Suppose 4*x + x - z = 0. What is the greatest common divisor of 51 and x?
17
Let h be 2/7 + (-40)/(-7). Let n(v) = -v**3 + 5*v**2 + 8*v - 7. Let s be n(h). Let c = s + 5. Calculate the highest common divisor of 2 and c.
2
Suppose -2*n + 0*n + 74 = 0. Let c be n - 3/6*-6. Calculate the greatest common factor of 5 and c.
5
Let l(i) = 8*i + 1. Suppose 4*z - 5*f - 12 = 0, 4*z = 4*f + 13 - 1. Let d be l(z). Let s be (20/16)/(1/4). Calculate the greatest common divisor of d and s.
5
Let f(x) = -x**3 + 10*x**2 - 10*x + 13. Let l be f(9). Suppose 21 = l*i - 23. What is the highest common factor of i and 33?
11
Let l be (-2)/(-12) + 433/(-6). Let z = 132 + l. Calculate the greatest common factor of z and 24.
12
Suppose -234 + 15 = -4*n + r, 1 = r. Let q be (-6)/(-4)*88/6. Calculate the greatest common divisor of n and q.
11
Let g be (-151)/(-11)*8 + 2/11. Calculate the highest common divisor of g and 10.
10
Suppose -5*q + 56 = -u, q + 3 + 1 = 4*u. Calculate the highest common factor of 108 and q.
12
Suppose -b + 0 = -3. Suppose 5*f = -5*x + 35, 32 = b*f + f + 3*x. What is the greatest common factor of 99 and f?
11
Suppose -2*q - 32 = -3*u - 2*u, 1 = -q. What is the greatest common factor of u and 3?
3
Let p be 10/2*(-2)/(-5). Suppose -165 = -x - p*x. What is the highest common factor of 5 and x?
5
Let z = 27 + 3. What is the highest common factor of z and 6?
6
Let x = 11 - 7. Suppose -x*l + 60 = -0*l. Let y = -5 + 15. Calculate the highest common divisor of y and l.
5
Let s = -36 - -40. Calculate the greatest common factor of 1 and s.
1
Let i = 14 + 25. What is the greatest common factor of i and 13?
13
Let p(m) = m + 7. Let a be p(-6). Suppose 4*r = -3*w + 41, 0 = -2*r - w + a + 20. Let x be (-2 - 1) + 38 + -2. Calculate the highest common factor of x and r.
11
Let p = 68 - 24. Let z = -29 + p. Calculate the highest common divisor of z and 30.
15
Suppose -4*g + 28 + 8 = 0. Let k(r) = 45*r**3 + 0*r**2 + r - 1 + 0*r**2. Let n be k(1). What is the greatest common divisor of g and n?
9
Let q be 24/(-20)*(-220)/3. Let b = 60 + -49. Calculate the highest common divisor of q and b.
11
Suppose -4*h 